e 5*b - 5*i = -i + 9, -4*b + 5*i = -h. What is v(b)?
-13
Let t be ((-1)/1)/(-7 + (-100)/(-15)). Let c(i) = -i**2 - 5. Let w(h) = 2*h**2 + 9. Let p(z) = -7*c(z) - 4*w(z). Calculate p(t).
-10
Let l(r) = -r**2 + 9*r - 2. Let d(j) = 8*j - 3. Let p(x) = 5*d(x) - 4*l(x). Let s(v) = -6*v**2 - 9*v + 14. Let c(m) = 5*p(m) + 3*s(m). Determine c(5).
22
Let p(k) = -3*k + 5. Let o(l) = l**2 + 7 + 3*l**2 - 6. Let i be o(-1). Suppose -m - 2 - 13 = i*u, -4*m + 2*u = -28. Determine p(m).
-10
Let r(h) = -5*h**2 + 19*h - 8*h + 6 + 3*h**2 + 3*h**2 + 10. Determine r(-11).
16
Let o(l) = 30*l**2 + 5*l + 7. Let c(i) = -14*i**2 - 2*i - 3. Let b(x) = -7*c(x) - 3*o(x). Determine b(-1).
9
Let v(g) = -g + 2. Let w = -20 + -1. Let q = -24 - w. Give v(q).
5
Let c = 64 + -65. Let g(i) = -6*i**2 - i. Calculate g(c).
-5
Let r(s) be the second derivative of s**5/20 - s**4/12 + s**3/6 - 5*s**2/2 - 25*s - 1. Let f be (-1)/4 + 3/12. Calculate r(f).
-5
Let j(w) be the first derivative of -w**3/3 + 4*w**2 - 10*w - 125. What is j(5)?
5
Let t(j) = 4*j - j**3 - 364*j**2 + 361*j**2 + 0*j**3. Let v(a) = a**3 + 4*a**2 - 5*a. Let d(y) = -4*t(y) - 3*v(y). Calculate d(2).
6
Let m = -667 + 678. Let u(c) be the third derivative of 1/60*c**5 + c**3 + 0 + 5/24*c**4 + m*c**2 + 0*c. Calculate u(-5).
6
Let s(n) = -n**2 - 9*n - 10. Let l be (6/9)/(2/(-21)). Let j be s(l). Suppose 0 = -j*y + 5*y - 4. Let p(z) = -z**3 + 4*z**2 + 2*z + 1. Determine p(y).
9
Let u(r) = r + 28. Let l be u(-20). Let k be -7 + l + ((-8)/1 - 1). Let q(y) = -y**2 - 6*y + 8. Calculate q(k).
-8
Let o(q) be the first derivative of -q**3/3 - q**2 + 6*q - 31. Let d = -4 + -1. Calculate o(d).
-9
Let m(w) be the second derivative of w**3/6 + 3*w. Suppose -14*v + 16*v = 4. Suppose 6 = -0*q - v*q. Determine m(q).
-3
Let n be 88/6*(-99)/132. Let m(f) = f**2 + 9*f - 15. Calculate m(n).
7
Let s(j) be the third derivative of j**4/24 - 2*j**3 + j**2 - 128. What is s(-19)?
-31
Let o = 167 + -171. Let q(k) = -2*k + k + k - 5 - 3*k. What is q(o)?
7
Let z(o) = -61*o - 22. Let f(w) = -27*w - 11. Let t(a) = -9*f(a) + 4*z(a). What is t(8)?
3
Let u(v) = 2*v**2 + 30*v - 155. Let d be u(-19). Let b(y) = -2*y**2 - 3*y + 2. What is b(d)?
-7
Let z(w) = -w**2 - 5*w - 4. Let m = -340 - -335. What is z(m)?
-4
Let z be (318/33)/2 + (-2)/(-11). Let h(r) = 5*r**3 - 9*r**2 - r. Let j(g) = 9*g**3 - 17*g**2 - 2*g + 1. Let p(v) = -7*h(v) + 4*j(v). Calculate p(z).
-1
Let a(g) be the first derivative of g**6/120 + g**5/20 - g**4/4 + g**3 + 3*g**2 - 15. Let k(j) be the second derivative of a(j). Give k(-5).
-14
Let b(n) be the second derivative of n**5/20 - 5*n**4/6 + n**3 - 4*n**2 - 38*n + 2. Determine b(9).
-35
Let t(z) = 10*z + 2*z**2 + 15 - 2*z + 0 - 6. What is t(-4)?
9
Let q(g) = -44*g**2 - 83*g - 3. Let x be q(-2). Let b(i) = 4*i + 52. Determine b(x).
0
Suppose k + 0*k + 9 = 0. Let c be 0/(-2) - (-12 - k). Let b(h) = c - 7*h - h - 1 - 1. Calculate b(1).
-7
Let t(x) = -x**2 - 1. Let q(w) = -w**3 + 4*w**2 + 5. Let v(m) = -q(m) - 5*t(m). Suppose y + 46 - 12 = 4*l, 5*y + 18 = l. Let d = 7 - l. Determine v(d).
0
Let v(m) be the third derivative of 0 - 5/24*m**4 + 20*m**2 + 0*m - 1/12*m**5 - 1/120*m**6 - 2/3*m**3. Calculate v(-4).
0
Let j = -9 + 12. Let d(n) = -3*n + 9. Let r(u) = 2*u - 5. Let g(b) = -2*b + 1. Let o be g(-2). Let y(f) = j*d(f) + o*r(f). Give y(-5).
-3
Let v(o) = o - 14. Suppose -m - 27 = -3*j + 2*m, -2*j - 3*m = -23. Determine v(j).
-4
Let c(t) = -t**3 - 8*t**2 - 8*t - 5. Let s be 1/5 - 38/(-10). Suppose 0 = 4*m + 32 - s. What is c(m)?
2
Let l be 6/(-8)*2*2. Let h = l - -2. Let z be -1 + (-2 - 8/h). Let s(c) = 2*c - 4. Determine s(z).
6
Let x(f) = 6*f - 31. Let b = -12 + 23. Let s(r) = -r + 6. Let k(a) = b*s(a) + 2*x(a). Give k(-5).
-1
Let h(j) = -2 + j - 1 + 2 - 3*j. Suppose 5 - 20 = -5*u. Let z be u - -2*(-5)/2. What is h(z)?
3
Let a be 69/(-15) - (-2)/(-5). Let y(k) = 2*k**2 + 3*k - 2. Let x be y(a). Let f(c) = x*c + 4 + 0*c**3 - c**3 + 1 + 4*c**2 - 28*c. Determine f(5).
5
Let h(v) = 7*v**3 + 6*v**2 - 9*v + 2. Let l(c) = c**3 + 3*c**2 - 9 - 4*c + 2*c**3 + 10. Let u(m) = -4*h(m) + 9*l(m). What is u(3)?
1
Suppose 0 = -4*p + 1 + 7. Suppose 0 = -z + p - 0. Let c(k) = -8*k**2 - 7*k**2 - z*k**3 + 2*k + 17*k**2 - 3*k. What is c(2)?
-10
Let w(x) be the first derivative of x**3/3 + 2*x**2 + 2*x + 66. What is w(-3)?
-1
Let t be (2*(-25)/15)/((-2)/(-3)). Let s(p) = -p**3 - 6*p**2 - 5*p - 2. Determine s(t).
-2
Let v = -1178 + 1182. Let s(f) = f - 3. What is s(v)?
1
Suppose -3*p + 42 = -3. Let h(w) = -29*w + 5*w**2 + 14*w + p*w + 1. Suppose -3*t + 4*x = -13, 2*x - 6*x = -2*t + 14. Determine h(t).
6
Let h(z) = 13*z**2 - 27*z**2 - 3 - 2*z + 3*z**2. Calculate h(-2).
-43
Let a(w) = w**2 - 6. Let g(y) = -y. Suppose -u + 2*u - 4 = 0. Let z(m) = u*g(m) + a(m). Let t = 3675 - 3670. Give z(t).
-1
Let h = 12436 + -12425. Let j(w) be the first derivative of w**2 - 16*w + 1. Determine j(h).
6
Let u be 5 + -5 + 4 + 3 + 0. Let q(a) = a**3 - 7*a**2 - 2*a + 8. Determine q(u).
-6
Let n(f) = 21*f - 1. Let h(a) = -a**3 + 10*a**2 - 7*a - 3. Let r be h(8). Let s = r - 68. Determine n(s).
20
Let h(s) = -30 + 13 + s + 19. What is h(9)?
11
Let h(c) be the second derivative of c**5/20 - c**4/4 + c**3/3 + c**2 + 21*c. Let x be (-2 - -3) + 0 - -2. Calculate h(x).
8
Let t(s) be the second derivative of s**4 + s**3/3 - 3*s**2/2 + 20*s. Let m(o) = 11*o**2 + 2*o - 2. Let d(f) = -4*m(f) + 3*t(f). What is d(-1)?
-7
Let x(p) = -13*p**2 - 2*p - 1. Let t(g) = -3*g - 22. Let u(d) = 3*d + 21. Let f(i) = -2*t(i) - 3*u(i). Let o be f(-6). What is x(o)?
-12
Suppose -2*u = k + 21, -2*u - 3*k + 9 = -4*u. Let c(z) be the second derivative of z**4/12 + 3*z**3/2 + 3*z**2/2 - 6*z. Calculate c(u).
3
Let t(k) = -k - 1. Suppose 108 = 15*p - 9*p. Let y be (-6)/p + 16/(-6). Give t(y).
2
Suppose 4*t + 2*o - 24 = -2*o, 0 = 2*t - o. Let z(u) = 0 - 28*u**2 - u + 25*u**t + 1 - u. What is z(1)?
-4
Let m(x) = x**3 - 5*x**2 - 2*x + 3. Let n = -30 + 30. Suppose -2*h + 10 + 2 = n. Calculate m(h).
27
Let m(k) = -k**3 - k**2 - k + 12. Let l be m(0). Suppose -6*j + j = -2*r - 21, 2*j - l = -r. Let w(t) = r - 7*t**3 + 5*t**3 - 2 + t. What is w(1)?
-1
Let q(o) be the first derivative of o**4/24 - o**3/3 - 3*o**2/2 + 37. Let v(w) be the second derivative of q(w). Determine v(0).
-2
Suppose -55*p + 6 = -49. Let s(f) = -15*f**3 - f**2 + 2*f - 1. Give s(p).
-15
Let i(d) = 3*d + 9. Let h be 9 + -12 - 2/2. Let k be i(h). Let j = 0 + k. Let f(y) = y**3 + 2*y**2 - 3*y - 3. Give f(j).
-3
Let u be (-1)/5 - (-44)/(-5). Let n = 12 + u. Suppose 0 = 2*d - 4*w + 14, 3*w = -0 + n. Let y(l) = l**3 + 6*l**2 + 6*l. What is y(d)?
-5
Let j(y) = -y**3 + 183 - 65 - 4*y - 64 - 55 - 6*y**2. Determine j(-3).
-16
Let m(a) = a**2 - 1. Let p be m(2). Let r(t) be the first derivative of -t**2 + 4*t + 2. Let s(u) = -2*u + 4. Let l(h) = p*r(h) - 4*s(h). Calculate l(5).
6
Suppose 2*y + 4*n + 9 = y, 5*n = 0. Let c(i) = i + 15. Let l(m) = m + 16. Let h(o) = -4*c(o) + 3*l(o). Give h(y).
-3
Let o(b) = 1 + 5*b + 0 + 0*b + 1. Determine o(4).
22
Let h(g) be the second derivative of -g**3/6 - g**2/2 + 5*g. Let j(n) = -8 + 2*n - n + 2. Let v(b) = -3*h(b) + j(b). What is v(2)?
5
Let y be ((-3)/12 + 24/32)*-6. Let r(w) = 4*w**3 + 6*w**2 + 6*w - 1. What is r(y)?
-73
Let w(d) = 2*d**3 + 2*d**2. Let u(r) = 3*r**3 + 3*r**2 - r - 1. Let z(c) = -3*u(c) + 4*w(c). Give z(-2).
1
Let i(n) = -n**2 + n - 4. Let h be 4 + (-3)/(-6*1/(-20)). Let k(m) be the third derivative of -m**3/6 - m**2. Let l(w) = h*k(w) + i(w). What is l(0)?
2
Let b(p) = -p**2 - 6*p + 2. Let v be b(-3). Let w(s) = s**3 - s - s**3 - s**3 + v - 4*s**2 - 13. Give w(-3).
-8
Let f be (-1)/(-6 - (-155)/25) - -18. Let d(q) = q + 8. Calculate d(f).
21
Suppose -4*z - 3*l + 24 = 0, -11 = -4*z - z + l. Let i(k) = -k**z - 50 + 99 - 48. Determine i(1).
0
Let v(m) be the first derivative of -m**3/3 + 3*m**2 + 3*m + 2. Let j be v(6). Let x(y) = 10*y - 287 - 11*y - 291 + 580. What is x(j)?
-1
Let v(n) = n**2 + n. Let z(q) = -6*q**2 + 6*q. Let r(m) = 6*v(m) - z(m). Let h = 36 + -34. Suppose -4*p - 5 = -5*w, 2 = h*w - 0*p - p. What is r(w)?
12
Let j(s) = 2*s + 10. Let d = 47 - 47. Let p be -2 + (-2 - (3 - d)). Determine j(p).
-4
Let d(u) be the first derivative of 3*u**2 - 2*u - 88. What is d(5)?
28
Let c(g) = -6*g - 560